me factors of 75195?
3, 5, 557
What are the prime factors of 551?
19, 29
List the prime factors of 1510.
2, 5, 151
List the prime factors of 3482.
2, 1741
What are the prime factors of 1258?
2, 17, 37
What are the prime factors of 1911?
3, 7, 13
List the prime factors of 2425.
5, 97
What are the prime factors of 721?
7, 103
What are the prime factors of 472?
2, 59
What are the prime factors of 1282?
2, 641
What are the prime factors of 170857?
170857
List the prime factors of 3070.
2, 5, 307
List the prime factors of 1655.
5, 331
List the prime factors of 12935.
5, 13, 199
List the prime factors of 892.
2, 223
What are the prime factors of 4203?
3, 467
What are the prime factors of 2655?
3, 5, 59
List the prime factors of 2164.
2, 541
What are the prime factors of 790?
2, 5, 79
List the prime factors of 1838.
2, 919
List the prime factors of 5325.
3, 5, 71
What are the prime factors of 1444?
2, 19
List the prime factors of 5514.
2, 3, 919
List the prime factors of 7047.
3, 29
What are the prime factors of 287?
7, 41
List the prime factors of 8903.
29, 307
What are the prime factors of 2551?
2551
List the prime factors of 5684.
2, 7, 29
What are the prime factors of 1919?
19, 101
What are the prime factors of 3367?
7, 13, 37
List the prime factors of 5330.
2, 5, 13, 41
List the prime factors of 2706.
2, 3, 11, 41
List the prime factors of 125851.
11, 17, 673
What are the prime factors of 578?
2, 17
What are the prime factors of 82474?
2, 7, 43, 137
List the prime factors of 65545.
5, 13109
What are the prime factors of 451?
11, 41
What are the prime factors of 727?
727
What are the prime factors of 1164?
2, 3, 97
List the prime factors of 1318.
2, 659
What are the prime factors of 2587?
13, 199
What are the prime factors of 11751?
3, 3917
What are the prime factors of 10106?
2, 31, 163
What are the prime factors of 496?
2, 31
List the prime factors of 3982.
2, 11, 181
List the prime factors of 548.
2, 137
List the prime factors of 9.
3
List the prime factors of 4758.
2, 3, 13, 61
What are the prime factors of 119?
7, 17
List the prime factors of 365.
5, 73
What are the prime factors of 24103?
24103
What are the prime factors of 10762?
2, 5381
List the prime factors of 795.
3, 5, 53
List the prime factors of 5033.
7, 719
List the prime factors of 17993.
19, 947
What are the prime factors of 4278?
2, 3, 23, 31
What are the prime factors of 1555?
5, 311
List the prime factors of 488.
2, 61
What are the prime factors of 30523?
131, 233
What are the prime factors of 1926?
2, 3, 107
List the prime factors of 1551.
3, 11, 47
List the prime factors of 40099.
40099
What are the prime factors of 84008?
2, 10501
List the prime factors of 44261.
7, 6323
List the prime factors of 31455.
3, 5, 233
List the prime factors of 1056.
2, 3, 11
List the prime factors of 311.
311
List the prime factors of 3808.
2, 7, 17
What are the prime factors of 82214?
2, 11, 37, 101
What are the prime factors of 4663?
4663
What are the prime factors of 2231?
23, 97
List the prime factors of 973.
7, 139
What are the prime factors of 25543?
7, 41, 89
What are the prime factors of 10227?
3, 7, 487
List the prime factors of 22992.
2, 3, 479
What are the prime factors of 169171?
167, 1013
What are the prime factors of 32149?
13, 2473
What are the prime factors of 1913?
1913
List the prime factors of 545.
5, 109
List the prime factors of 4952.
2, 619
List the prime factors of 1080.
2, 3, 5
List the prime factors of 18329.
18329
List the prime factors of 10621.
13, 19, 43
List the prime factors of 790.
2, 5, 79
List the prime factors of 5963.
67, 89
List the prime factors of 881.
881
List the prime factors of 60131.
157, 383
List the prime factors of 54556.
2, 23, 593
List the prime factors of 292.
2, 73
What are the prime factors of 143?
11, 13
List the prime factors of 855.
3, 5, 19
What are the prime factors of 427?
7, 61
List the prime factors of 47539.
137, 347
List the prime factors of 2493.
3, 277
List the prime factors of 440.
2, 5, 11
What are the prime factors of 2252?
2, 563
What are the prime factors of 16023?
3, 7, 109
List the prime factors of 5791.
5791
List the prime factors of 7273.
7, 1039
List the prime factors of 673.
673
What are the prime factors of 482?
2, 241
What are the prime factors of 54742?
2, 101, 271
What are the prime factors of 276?
2, 3, 23
What are the prime factors of 138?
2, 3, 23
What are the prime factors of 2231?
23, 97
What are the prime factors of 4803?
3, 1601
What are the prime factors of 1716?
2, 3, 11, 13
List the prime factors of 2367.
3, 263
What are the prime factors of 19960?
2, 5, 499
What are the prime factors of 4821?
3, 1607
What are the prime factors of 8640?
2, 3, 5
List the prime factors of 25661.
67, 383
List the prime factors of 407.
11, 37
What are the prime factors of 7593?
3, 2531
What are the prime factors of 1204?
2, 7, 43
What are the prime factors of 1831?
1831
What are the prime factors of 654?
2, 3, 109
List the prime factors of 1201.
1201
What are the prime factors of 33237?
3, 1231
List the prime factors of 12671.
12671
What are the prime factors of 30599?
37, 827
What are the prime factors of 9446?
2, 4723
What are the prime factors of 1428?
2, 3, 7, 17
What are the prime factors of 10545?
3, 5, 19, 37
What are the prime factors of 13407?
3, 41, 109
What are the prime factors of 857?
857
What are the prime factors of 49648?
2, 29, 107
What are the prime factors of 74764?
2, 18691
List the prime factors of 30555.
3, 5, 7, 97
What are the prime factors of 28684?
2, 71, 101
List the prime factors of 7152.
2, 3, 149
What are the prime factors of 4618?
2, 2309
List the prime factors of 47.
47
List the prime factors of 823.
823
List the prime factors of 7011.
3, 19, 41
List the prime factors of 92.
2, 23
What are the prime factors of 3434?
2, 17, 101
What are the prime factors of 3780?
2, 3, 5, 7
List the prime factors of 11263.
7, 1609
What are the prime factors of 78769?
227, 347
List the prime factors of 46930.
2, 5, 13, 19
List the prime factors of 3921.
3, 1307
List the prime factors of 65328.
2, 3, 1361
What are the prime factors of 3460?
2, 5, 173
List the prime factors of 939.
3, 313
What are the prime factors of 24290?
2, 5, 7, 347
List the prime factors of 1581.
3, 17, 31
List the prime factors of 8211.
3, 7, 17, 23
What are the prime factors of 17501?
11, 37, 43
List the prime factors of 2052.
2, 3, 19
What are the prime factors of 11744?
2, 367
List the prime factors of 50973.
3, 13, 1307
What are the prime factors of 3810?
2, 3, 5, 127
List the prime factors of 451.
11, 41
List the prime factors of 129809.
271, 479
What are the prime factors of 119?
7, 17
List the prime factors of 802.
2, 401
What are the prime factors of 83042?
2, 41521
List the prime factors of 3248.
2, 7, 29
What are the prime factors of 583?
11, 53
What are the prime factors of 16607?
16607
List the prime factors of 600.
2, 3, 5
What are the prime factors of 3935?
5, 787
What are the prime factors of 1166?
2, 11, 53
List the prime factors of 1099.
7, 157
What are the prime factors of 34383?
3, 73, 157
What are the prime factors of 9654?
2, 3, 1609
List the prime factors of 530.
2, 5, 53
What are the prime factors of 60584?
2, 7573
List the prime factors of 37642.
2, 11, 29, 59
What are the prime factors of 40951?
31, 1321
List the prime factors of 69154.
2, 71, 487
What are the prime factors of 164?
2, 41
List the prime factors of 55593.
3, 29, 71
List the prime factors of 128061.
3, 17, 31
What are the prime factors of 3033?
3, 337
What are the prime factors of 6388?
2, 1597
What are the prime factors of 3961?
17, 233
What are the prime factors of 55328?
2, 7, 13, 19
List the prime factors of 97005.
3, 5, 29, 223
What are the prime factors of 10548?
2, 3, 293
List the prime factors of 3946.
2, 1973
What are the prime factors of 1441?
11, 131
What are the prime factors of 2331?
3, 7, 37
What are the prime factors of 3935?
5, 787
What are the prime factors of 2379?
3, 13, 61
List the prime factors of 22342.
2, 11171
What are the prime factors of 10619?
7, 37, 41
What are the prime factors of 6196?
2, 1549
What are the prime factors of 1113?
3, 7, 53
What are the prime factors of 5192?
2, 11, 59
List the prime factors of 162.
2, 3
Lis